{"id":496,"date":"2026-03-05T16:01:32","date_gmt":"2026-03-05T15:01:32","guid":{"rendered":"https:\/\/guide-etudiant-etranger.org\/?page_id=496"},"modified":"2026-04-10T17:17:11","modified_gmt":"2026-04-10T15:17:11","slug":"ressources-2","status":"publish","type":"page","link":"https:\/\/guide-etudiant-etranger.org\/index.php\/ressources-2\/","title":{"rendered":"Ressources"},"content":{"rendered":"\n<h3 class=\"wp-block-heading\"><strong>Les permanences de soutiens aux \u00e9tudiant\u22c5es \u00e9tranger\u22c5es<\/strong><\/h3>\n\n\n\n<p>Il est possible de contacter&nbsp;:<\/p>\n\n\n\n<p>\u2013 les antennes locales des syndicats \u00e9tudiants, par exemple Solidaires \u00e9tudiant\u22c5e\u22c5s syndicat de luttes (SESL), la F\u00e9d\u00e9ration des associations g\u00e9n\u00e9rales \u00e9tudiantes (Fage), l\u2019Union \u00e9tudiante, F\u00e9d\u00e9ration syndicale \u00e9tudiante, l\u2019Union nationale des \u00e9tudiants de France (Unef).<\/p>\n\n\n\n<p>\u2013&nbsp;les associations comme le <a href=\"https:\/\/rusf.org\/\" data-type=\"link\" data-id=\"https:\/\/rusf.org\/\">R\u00e9seau universit\u00e9s sans fronti\u00e8res<\/a> (RUSF)<\/p>\n\n\n\n<p><\/p>\n\n\n\n<p>\u2013 le r\u00e9seau MEnS, association d\u2019\u00e9tablissements de l\u2019enseignement sup\u00e9rieur qui coordonne les programmes Passerelle.<\/p>\n\n\n\n<p><\/p>\n\n\n\n<p>\u00c0 Paris, il existe plusieurs permanences, notamment&nbsp;:<\/p>\n\n\n\n<p>\u2013&nbsp;l\u2019<a href=\"https:\/\/www.uni-r.org\">Universit\u00e9 et r\u00e9fugi\u00e9\u00b7es<\/a> (UniR) qui accueille les personnes r\u00e9fugi\u00e9es et celles en demande d\u2019asile<\/p>\n\n\n\n<p><\/p>\n\n\n\n<p>-&gt; Pour des permanences g\u00e9n\u00e9ralistes partout en France, voir la <a href=\"http:\/\/www.gisti.org\/spip.php?article1506\" data-type=\"link\" data-id=\"http:\/\/www.gisti.org\/spip.php?article1506\">carte des collectifs de sans-papiers et permanences de soutien juridique<\/a>.<\/p>\n\n\n\n<p>&#8212;<\/p>\n\n\n\n<h3 class=\"wp-block-heading\"><strong>Mod\u00e8les de lettre de soutien \u00e0 t\u00e9l\u00e9charger et \u00e0 compl\u00e9ter<\/strong><\/h3>\n\n\n\n<ul class=\"wp-block-list\">\n<li><a href=\"http:\/\/guide-etudiant-etranger.org\/wp-content\/uploads\/2026\/04\/Modele-lettre-de-soutien-1-1.odt\">Mod\u00e8le de lettre de soutien n\u00b0 1<\/a><\/li>\n<\/ul>\n\n\n\n<ul class=\"wp-block-list\">\n<li><a href=\"http:\/\/guide-etudiant-etranger.org\/wp-content\/uploads\/2026\/04\/Modele-lettre-de-soutien-2.odt\">Mod\u00e8le de lettre de soutien n\u00b0 2<\/a><\/li>\n<\/ul>\n\n\n\n<p>&#8212;<\/p>\n\n\n\n<h3 class=\"wp-block-heading\"><strong>Guide RUSF \u00e0 t\u00e9l\u00e9charger<\/strong><\/h3>\n\n\n\n<p><a href=\"http:\/\/guide-etudiant-etranger.org\/wp-content\/uploads\/2026\/04\/guide-rusf.pdf\">Ouvrir une permanence d&rsquo;accompagnement pour des \u00e9tudiant\u22c5es et des personnels extra-communautaires<\/a><\/p>\n\n\n\n<p>&#8212;<\/p>\n\n\n\n<h3 class=\"wp-block-heading\"><strong>Sites utiles<\/strong><\/h3>\n\n\n\n<ul class=\"wp-block-list\">\n<li><a href=\"https:\/\/watizat.org\/\">Watizat<\/a> : guides <a href=\"https:\/\/watizat.org\/guides-paris\/\">Paris<\/a>, <a href=\"https:\/\/watizat.org\/guides-toulouse\/\">Toulouse<\/a>, <a href=\"https:\/\/watizat.org\/guides-lyon\/\">Lyon<\/a>, <a href=\"https:\/\/watizat.org\/guides-oise\/\">Oise<\/a>, <a href=\"https:\/\/watizat.org\/guides-nantes\/\" data-type=\"link\" data-id=\"https:\/\/watizat.org\/guides-nantes\/\">Nantes<\/a>(en plusieurs langues).<\/li>\n\n\n\n<li><a href=\"https:\/\/www.campusfrance.org\/fr\">Campus France<\/a><\/li>\n<\/ul>\n\n\n\n<p><\/p>\n\n\n\n<p><\/p>\n\n\n\n<p><\/p>\n\n\n\n<p><\/p>\n","protected":false},"excerpt":{"rendered":"<p>Les permanences de soutiens aux \u00e9tudiant\u22c5es \u00e9tranger\u22c5es Il est possible de contacter&nbsp;: \u2013 les antennes locales des syndicats \u00e9tudiants, par exemple Solidaires \u00e9tudiant\u22c5e\u22c5s syndicat de luttes (SESL), la F\u00e9d\u00e9ration des associations g\u00e9n\u00e9rales \u00e9tudiantes (Fage), l\u2019Union \u00e9tudiante, F\u00e9d\u00e9ration syndicale \u00e9tudiante, l\u2019Union nationale des \u00e9tudiants de France (Unef). \u2013&nbsp;les associations comme le R\u00e9seau universit\u00e9s sans fronti\u00e8res (RUSF) [&hellip;]<\/p>\n","protected":false},"author":6,"featured_media":0,"parent":0,"menu_order":0,"comment_status":"closed","ping_status":"closed","template":"","meta":{"footnotes":""},"class_list":["post-496","page","type-page","status-publish","hentry"],"_links":{"self":[{"href":"https:\/\/guide-etudiant-etranger.org\/index.php\/wp-json\/wp\/v2\/pages\/496","targetHints":{"allow":["GET"]}}],"collection":[{"href":"https:\/\/guide-etudiant-etranger.org\/index.php\/wp-json\/wp\/v2\/pages"}],"about":[{"href":"https:\/\/guide-etudiant-etranger.org\/index.php\/wp-json\/wp\/v2\/types\/page"}],"author":[{"embeddable":true,"href":"https:\/\/guide-etudiant-etranger.org\/index.php\/wp-json\/wp\/v2\/users\/6"}],"replies":[{"embeddable":true,"href":"https:\/\/guide-etudiant-etranger.org\/index.php\/wp-json\/wp\/v2\/comments?post=496"}],"version-history":[{"count":9,"href":"https:\/\/guide-etudiant-etranger.org\/index.php\/wp-json\/wp\/v2\/pages\/496\/revisions"}],"predecessor-version":[{"id":747,"href":"https:\/\/guide-etudiant-etranger.org\/index.php\/wp-json\/wp\/v2\/pages\/496\/revisions\/747"}],"wp:attachment":[{"href":"https:\/\/guide-etudiant-etranger.org\/index.php\/wp-json\/wp\/v2\/media?parent=496"}],"curies":[{"name":"wp","href":"https:\/\/api.w.org\/{rel}","templated":true}]}}